*(-6)/(-60)*515. Suppose 6*k = 3*w + 3*k - 159, -4*w + 215 = -5*k. Let s = d - w. What is the remainder when s is divided by 18?
17
Let x = 5 - 1. Let b(n) = 3*n**2 - n + 2. Suppose 10*d - 26 = 214. Calculate the remainder when b(x) is divided by d.
22
Let l = 672 + -635. What is the remainder when 106 is divided by l?
32
Let s = -217 - -336. What is the remainder when s is divided by 30?
29
Let p = -20 - 16. Let y = 0 - p. Let u = -9 + y. Calculate the remainder when u is divided by 14.
13
Let b(z) = z - 4. Let i be b(-10). Let t = i - -8. Let m = t - -37. What is the remainder when m is divided by 8?
7
Let q(g) = 2*g**2 - 2*g + 113. Calculate the remainder when q(0) is divided by 35.
8
Suppose 3*y - 28 = 5*h, -5*y - h + 76 = -2*h. Let r = 16 - y. Suppose r*l + 3*l - 15 = 0. Calculate the remainder when l is divided by 2.
1
Suppose 3*l - 5*w = 34, -9*l + 5*w + 52 = -5*l. What is the remainder when 51 is divided by l?
15
Let n(u) = -u**3 - 6*u**2 + 4*u - 2. Let t be n(-6). Let g(m) = m**2 + m - 1. What is the remainder when (507/t)/(6/(-4)) is divided by g(-3)?
3
Let q(s) = -s**2 + 44*s + 26. What is the remainder when 570 is divided by q(0)?
24
Suppose 3*d - 7*d + 392 = u, -3*d + 294 = 4*u. Suppose 4*w = 0, -41 = j - w - d. What is the remainder when j is divided by 20?
17
Calculate the remainder when 4/(2 + 150/(-155)*2) is divided by 7.
6
Let i = -6 + 15. Calculate the remainder when 5 + 2/6 + 208/24 is divided by i.
5
Suppose 5*g = 4*x - 43, 3*g = 868 - 853. Suppose -5*s - 5*c + 95 = 0, -45 = -3*s - 2*s + 5*c. Calculate the remainder when x is divided by s.
3
Let l be (-8)/5*25/(-10). Suppose -5*v = -l*v - 11. What is the remainder when v is divided by (-6)/(-8) + (-21)/(-4)?
5
Let l(v) = 2*v - 16. Let c be l(8). Suppose c = 2*f - 3*q - 55, 2*f + 2*f - 5*q - 105 = 0. Calculate the remainder when 55 is divided by f.
15
What is the remainder when 69 is divided by 2*2/(-24) + (-196)/(-24)?
5
Let h be (-3 - 1)/(((-6)/(-52))/(-3)). Suppose -4*t + h + 12 = 0. Let b(y) = -y**2 - 7*y. Calculate the remainder when t is divided by b(-6).
5
Suppose 30*h - 19*h = 176. Let c(g) be the first derivative of -5*g**2 - 5*g + 5. Calculate the remainder when c(-5) is divided by h.
13
Let m(u) = -u**2 + u + 3. Let l be m(0). Suppose -l*f = -2*t + 2*f + 84, 5*f - 210 = -5*t. Calculate the remainder when t is divided by 15.
12
Let u = 6 + 8. Let c = u - 39. Let d = c + 59. Calculate the remainder when d is divided by 9.
7
Suppose 5*g = -2*v - 1, 3*g + 21 + 9 = 3*v. Let q(k) be the third derivative of 7*k**4/24 - 5*k**3/3 - k**2. Calculate the remainder when q(5) is divided by v.
4
Let w(s) be the second derivative of -5*s**3/6 + 3*s**2 - 3*s. Let t be w(8). Let b = t - -50. Calculate the remainder when 45 is divided by b.
13
Suppose 23*f = 21*f + 94. Suppose -k = -4*h + 15, h - 7 = -2. Suppose k*m = 4*m + 12. What is the remainder when f is divided by m?
11
Let t(n) = 26*n + 42. What is the remainder when t(5) is divided by 29?
27
Let j = 59 - 59. Suppose j = g + g + 6, 3*x + 5*g = 120. Calculate the remainder when x is divided by 23.
22
Let p(n) = 0*n**2 + 7 + 0 + 5 + n**2 + 4*n. Let q be p(-5). Let y = 47 - q. What is the remainder when y is divided by 12?
6
Suppose 2*g + 20 = 7*g. Let k be (6/g)/(3/(-32)). Let f = k + 27. Calculate the remainder when 19 is divided by f.
8
Suppose -2*n + 4*n = -5*i + 7, -3*n = 3*i - 6. Let s be 14 + (-2 - -2)/n. Let u = 21 + s. What is the remainder when u is divided by 13?
9
Suppose 0 = -b - 3*x - x + 65, b + 2*x = 63. Calculate the remainder when b is divided by 5.
1
What is the remainder when 104 is divided by (-47)/47*(-8 + -2)?
4
Suppose 28 - 8 = 5*n. Suppose 13 = j - 0*j + n*l, -4*j + 4*l = -12. Suppose j*g - 141 = 2*g. What is the remainder when g is divided by 16?
15
Suppose 2*p + 112 = 4*w, -5*w + 140 = -3*p + 5*p. Calculate the remainder when ((567/(-28))/(-1))/(6/16) is divided by w.
26
Suppose -25*n + 22 = -23*n. What is the remainder when 13 is divided by n?
2
Let a = -381 + 432. Calculate the remainder when 149 is divided by a.
47
Suppose -4*q = 2*m - 42, 2*m - 2*q = -3*m + 57. Calculate the remainder when 20 is divided by m.
7
Calculate the remainder when 10/115 - 39770/(-230) is divided by 67.
39
Let i(n) = 57*n**2 - 5. What is the remainder when i(-2) is divided by 25?
23
Suppose 2*w - 4*w = -78. Calculate the remainder when w is divided by 30.
9
Suppose -4*l + g + 42 = 0, -2 = 5*g + 8. Calculate the remainder when 9/6*(-52)/(-3) is divided by l.
6
Let c(i) = i**2 - 9*i - 17. Let n be c(13). Let d = n - 32. Suppose q - d*s + 6 = 0, -7 = -q - 3*s + 5. What is the remainder when 4 is divided by q?
1
Suppose 33*d - 2462 = 1345 + 582. What is the remainder when d is divided by ((-10)/6)/((-1)/12)?
13
Suppose 41 = 4*a - 5*v, 0 = -3*a - 5*v + 50 + 7. Calculate the remainder when 38 is divided by a.
10
Suppose 0 = 127*c - 123*c - 692. What is the remainder when c is divided by 22?
19
Let r = 593 - 583. Suppose 6 = -5*w - b + 11, -w + 22 = -4*b. Calculate the remainder when ((-2)/6)/(w/(-174)) is divided by r.
9
Let u(o) = 10*o + 6. Let z be u(5). Let g be 4/(-14) - 5752/z. What is the remainder when (g/(-3))/((-4)/(-12)) is divided by 26?
25
Suppose -44 = -2*i - 10. Let o = 6 - 6. Let j = o - -5. Calculate the remainder when i is divided by j.
2
Suppose -5*v = -5*f - 320, 4*f + 204 = -3*v - 38. Let g = f + 308. Suppose 0 = 5*j, -2*j = -5*l + g + 264. What is the remainder when l is divided by 26?
24
Suppose -4*y = -9*y + 105. Let g(h) = 60*h**3 + h**2 - h + 1. What is the remainder when g(1) is divided by y?
19
Let x = 408 - 385. What is the remainder when 139 is divided by x?
1
Let z be -192*((-23)/4 - -2). Suppose 3*y = -3*y + z. Let c = y - 72. What is the remainder when c is divided by 17?
14
Let k(o) = -2*o + 4. Let t be k(13). Let f = 59 + t. Calculate the remainder when f is divided by 10.
7
Let s(o) = -5*o - 1. Let i be s(-1). Suppose i = -2*r + 38. Let l = -2570 - -2637. Calculate the remainder when l is divided by r.
16
Let s(b) = -48*b - 129. Calculate the remainder when s(-18) is divided by 67.
65
Calculate the remainder when 58 is divided by (22/(-7))/(2/(-28)).
14
Suppose -3*o = -o - 6. Suppose 44 + 30 = 2*x. Suppose 13 - x = -3*q. What is the remainder when q is divided by o?
2
Suppose 0 = k - 4*f - 23, -2*k + 42 - 11 = -5*f. Suppose -k*i = 2*m - 7, -5*i + 4*m + 12 + 29 = 0. What is the remainder when 14 is divided by i?
4
Let s(t) = -36*t - 96. What is the remainder when 1234 is divided by s(-3)?
10
Let h(r) = 2*r**2 - 35*r - 33. Let b be h(20). Suppose -29*c = -28*c - b. Calculate the remainder when c is divided by 10.
7
Suppose 0 = 3*q - 32 - 73. Suppose 7*o - 2*o + 70 = -3*x, 5*o - q = 4*x. What is the remainder when 57 is divided by x/(-10) - 117/(-6)?
15
Let v(y) = -3*y - 11. Suppose 4*l - z + 25 = -8, -2*l - z - 9 = 0. Calculate the remainder when v(l) is divided by 5.
0
Suppose 0 = -2*q + 3*q - 60. Suppose -3*y - q = -4*x, 4*x - 4 = -3*y + 80. What is the remainder when ((-2)/(-4))/((-3)/(-426)) is divided by x?
17
Suppose 0 = 1099*i - 1111*i + 120. What is the remainder when 0 + 1 + (2 - -33) is divided by i?
6
Suppose -20*m = -17*m + 18. Let q(l) = l**3 - l + 2. Calculate the remainder when 154/4*(-12)/m is divided by q(3).
25
Let n = -9 + 11. Let l be 6/(n/(-4)*-3). Suppose 0*o + 14 = 3*o - 4*a, -2*o + 8 = -l*a. What is the remainder when o is divided by 2?
0
Let n(f) = -6*f**2 + 24 - 6*f - 2*f**3 - 17 + 0*f**3 + f**3. Let k be n(-5). What is the remainder when 60 + 0 + k/(-4) is divided by 10?
7
Suppose 0 = -2*v + 15 + 63. Let h = -29 + v. What is the remainder when 89 is divided by h?
9
Let l be 15/2 - 2/4. Suppose 2*t = 2*i + 40, -2*i = -t - l + 52. Let g = i - -27. What is the remainder when 3 is divided by g?
1
Suppose -3*k = 22*b - 18*b - 190, 0 = -b - k + 48. Calculate the remainder when b is divided by 22.
2
Suppose 4*w + 16*g - 18*g - 184 = 0, 4*g - 8 = 0. Suppose 6*d + 92 = 3*x + d, 108 = 5*x + 3*d. What is the remainder when w is divided by x?
23
Suppose -96 = h - 5*h. Calculate the remainder when 80 is divided by h.
8
Let t(o) = -80*o + 905. Calculate the remainder when 169 is divided by t(11).
19
Let u = 163 - 45. What is the remainder when u is divided by 10?
8
Suppose -4*